culate the remainder when 593 is divided by 119.
117
What is the remainder when 287 is divided by 45?
17
What is the remainder when 108 is divided by 30?
18
What is the remainder when 92 is divided by 85?
7
What is the remainder when 232 is divided by 40?
32
Calculate the remainder when 179 is divided by 65.
49
Calculate the remainder when 107 is divided by 11.
8
What is the remainder when 551 is divided by 139?
134
Calculate the remainder when 519 is divided by 137.
108
Calculate the remainder when 799 is divided by 73.
69
What is the remainder when 659 is divided by 43?
14
Calculate the remainder when 478 is divided by 80.
78
Calculate the remainder when 129 is divided by 66.
63
Calculate the remainder when 517 is divided by 118.
45
What is the remainder when 477 is divided by 30?
27
Calculate the remainder when 1632 is divided by 161.
22
Calculate the remainder when 237 is divided by 87.
63
Calculate the remainder when 3101 is divided by 28.
21
What is the remainder when 97 is divided by 3?
1
Calculate the remainder when 4435 is divided by 4430.
5
What is the remainder when 131 is divided by 89?
42
Calculate the remainder when 43 is divided by 19.
5
Calculate the remainder when 159 is divided by 23.
21
Calculate the remainder when 636 is divided by 29.
27
What is the remainder when 247 is divided by 48?
7
Calculate the remainder when 1391 is divided by 333.
59
Calculate the remainder when 1702 is divided by 399.
106
Calculate the remainder when 28311 is divided by 26.
23
Calculate the remainder when 4843 is divided by 2.
1
What is the remainder when 101 is divided by 29?
14
Calculate the remainder when 5350 is divided by 86.
18
What is the remainder when 51063 is divided by 18?
15
Calculate the remainder when 1294 is divided by 126.
34
What is the remainder when 1616 is divided by 15?
11
Calculate the remainder when 348 is divided by 5.
3
What is the remainder when 40 is divided by 22?
18
What is the remainder when 478 is divided by 13?
10
What is the remainder when 539 is divided by 183?
173
Calculate the remainder when 841 is divided by 3.
1
What is the remainder when 83 is divided by 38?
7
What is the remainder when 890 is divided by 50?
40
What is the remainder when 653 is divided by 7?
2
Calculate the remainder when 1125 is divided by 23.
21
What is the remainder when 1181 is divided by 82?
33
Calculate the remainder when 32397 is divided by 60.
57
What is the remainder when 2923 is divided by 14?
11
Calculate the remainder when 1218 is divided by 91.
35
Calculate the remainder when 989 is divided by 110.
109
Calculate the remainder when 2193 is divided by 730.
3
Calculate the remainder when 21679 is divided by 74.
71
What is the remainder when 361 is divided by 39?
10
Calculate the remainder when 521 is divided by 59.
49
Calculate the remainder when 4592 is divided by 1142.
24
What is the remainder when 1181 is divided by 45?
11
What is the remainder when 2348 is divided by 775?
23
What is the remainder when 6856 is divided by 343?
339
Calculate the remainder when 35 is divided by 5.
0
Calculate the remainder when 20793 is divided by 12.
9
Calculate the remainder when 139 is divided by 71.
68
Calculate the remainder when 909 is divided by 19.
16
Calculate the remainder when 59 is divided by 6.
5
What is the remainder when 125 is divided by 27?
17
What is the remainder when 236 is divided by 34?
32
Calculate the remainder when 122 is divided by 88.
34
What is the remainder when 5095 is divided by 1019?
0
Calculate the remainder when 33 is divided by 27.
6
Calculate the remainder when 1000 is divided by 317.
49
Calculate the remainder when 1199 is divided by 25.
24
What is the remainder when 1788 is divided by 163?
158
Calculate the remainder when 212 is divided by 7.
2
Calculate the remainder when 808 is divided by 9.
7
What is the remainder when 4039 is divided by 10?
9
Calculate the remainder when 175 is divided by 16.
15
What is the remainder when 577 is divided by 151?
124
What is the remainder when 215 is divided by 116?
99
What is the remainder when 1586 is divided by 467?
185
What is the remainder when 748 is divided by 104?
20
Calculate the remainder when 1174 is divided by 147.
145
Calculate the remainder when 959 is divided by 30.
29
What is the remainder when 350 is divided by 32?
30
Calculate the remainder when 209 is divided by 58.
35
Calculate the remainder when 1019 is divided by 324.
47
Calculate the remainder when 28 is divided by 7.
0
What is the remainder when 868 is divided by 30?
28
What is the remainder when 228 is divided by 7?
4
What is the remainder when 319 is divided by 36?
31
Calculate the remainder when 646 is divided by 316.
14
Calculate the remainder when 2069 is divided by 8.
5
What is the remainder when 1907 is divided by 3?
2
What is the remainder when 255 is divided by 45?
30
What is the remainder when 295 is divided by 101?
93
Calculate the remainder when 79 is divided by 40.
39
Calculate the remainder when 4070 is divided by 69.
68
What is the remainder when 934 is divided by 51?
16
What is the remainder when 91 is divided by 51?
40
Calculate the remainder when 139 is divided by 81.
58
Calculate the remainder when 2132 is divided by 61.
58
What is the remainder when 1677 is divided by 1677?
0
Calculate the remainder when 845 is divided by 59.
19
Calculate the remainder when 1560 is divided by 22.
20
What is the remainder when 3099 is divided by 50?
49
What is the remainder when 1740 is divided by 579?
3
What is the remainder when 84 is divided by 77?
7
What is the remainder when 389 is divided by 23?
21
What is the remainder when 334 is divided by 28?
26
Calculate the remainder when 139 is divided by 14.
13
What is the remainder when 64 is divided by 19?
7
Calculate the remainder when 467 is divided by 117.
116
What is the remainder when 670 is divided by 11?
10
What is the remainder when 244 is divided by 64?
52
Calculate the remainder when 337 is divided by 189.
148
What is the remainder when 5132 is divided by 469?
442
What is the remainder when 134 is divided by 131?
3
What is the remainder when 211 is divided by 24?
19
What is the remainder when 322 is divided by 81?
79
What is the remainder when 891 is divided by 180?
171
What is the remainder when 606 is divided by 56?
46
Calculate the remainder when 176 is divided by 173.
3
What is the remainder when 328 is divided by 49?
34
Calculate the remainder when 180 is divided by 51.
27
What is the remainder when 181 is divided by 98?
83
Calculate the remainder when 437 is divided by 113.
98
What is the remainder when 294 is divided by 35?
14
What is the remainder when 88 is divided by 30?
28
What is the remainder when 81 is divided by 17?
13
Calculate the remainder when 3924 is divided by 19.
10
What is the remainder when 84 is divided by 17?
16
What is the remainder when 152 is divided by 35?
12
Calculate the remainder when 376 is divided by 15.
1
What is the remainder when 1927 is divided by 129?
121
Calculate the remainder when 168 is divided by 10.
8
What is the remainder when 300 is divided by 22?
14
Calculate the remainder when 304 is divided by 98.
10
Calculate the remainder when 18127 is divided by 70.
67
Calculate the remainder when 20589 is divided by 208.
205
Calculate the remainder when 3818 is divided by 19.
18
What is the remainder when 2319 is divided by 2313?
6
Calculate the remainder when 1896 is divided by 472.
8
What is the remainder when 1458 is divided by 10?
8
What is the remainder when 107 is divided by 13?
3
Calculate the remainder when 582 is divided by 34.
4
What is the remainder when 302 is divided by 77?
71
Calculate the remainder when 222 is divided by 68.
18
What is the remainder when 180 is divided by 155?
25
What is the remainder when 820 is divided by 118?
112
What is the remainder when 257 is divided by 63?
5
Calculate the remainder when 605 is divided by 163.
116
Calculate the remainder when 1760 is divided by 28.
24
Calculate the remainder when 2063 is divided by 35.
33
What is the remainder when 343 is divided by 316?
27
What is the remainder when 89 is divided by 27?
8
Calculate the remainder when 280 is divided by 26.
20
What is the remainder when 336 is divided by 26?
24
Calculate the remainder when 718 i